f + 15 = -3*s. Let k = f - -46. Is k composite?
False
Suppose -2*u + 25 = 5*y, -4*y - 2*u + 20 = -0*u. Suppose 25 = y*a, g + 5*a = 62 + 34. Is g a composite number?
False
Let a = 300 - 187. Suppose -5*m + 162 = -a. Is m composite?
True
Suppose 4*s + 7 - 19 = 0. Suppose -7*u = -s*u. Suppose -f + 13 = -5*t - 17, u = -3*f - t + 170. Is f a prime number?
False
Let r be (-1 - -1)/((-4)/(-2)). Let b(d) = 2*d**2 + 26*d + 28. Let t be b(-12). Suppose -t*q + 97 - 5 = r. Is q composite?
False
Let h(n) = 97*n + 3. Let g be h(3). Let u = -137 + g. Is u prime?
True
Suppose 6*t - 2368 = 2*t. Suppose -t = 5*l - 1407. Is l prime?
True
Let l = -750 + 1272. Is 4/(-16) - l/(-8) a prime number?
False
Suppose -2*c = 3*m - 332, -5*m + 160 = -5*c - 385. Let z = 15 - 11. Suppose -z*d + m = d. Is d prime?
False
Let x = 108 + -77. Is x composite?
False
Suppose 3*f = 3*x - 6, 2*x - 1 = f + 6. Suppose -3*h = -s - 54, 3*h - 85 = -h - f*s. Is h a prime number?
True
Suppose 5*s = -0*s - 140. Is 6/21 - 3660/s a prime number?
True
Suppose 2 + 24 = 2*a. Let x = a + -8. Is ((-31)/(-5))/1*x a prime number?
True
Let q = 11 - 16. Let k(w) = -3*w + 1. Let u be k(q). Is -1 + 5/1*u a prime number?
True
Is (-4)/1 + 1356 + -3 + 6 prime?
False
Suppose 2*f - 3 - 3 = 0, 3 = 2*a - f. Suppose 0 = 3*d - 4*o - 5, -a*d - o + 14 = 4. Suppose 252 = 3*n + 5*k, -d*k = 5*n - 667 + 231. Is n a prime number?
True
Is 6/(12/4310) + 0 prime?
False
Suppose 0 = y - 6*y - 830. Is (y/(-5))/((-1)/(-5)) a prime number?
False
Suppose -2*u + 7*u = 30. Let h(i) = i - 4. Let p be h(u). Suppose -p*k = -3*k + 31. Is k a prime number?
True
Suppose 4 + 5 = -3*s. Is 0/3 - s - -44 composite?
False
Let x be 2/1 + 1 - 362. Let a = x - -553. Is a composite?
True
Let p be (-12)/9*(-3)/2. Suppose -3*l + 21 - p = 2*o, -o = -l + 3. Suppose -4*b + 69 = -2*k - 949, 0 = o*b + 5*k - 491. Is b a prime number?
False
Suppose 5*y + 1308 = 5*b - 1517, -2*b = 4*y - 1124. Suppose r = -r - b. Is r/4*6/(-9) a composite number?
False
Is 2084/14 + 1/7 a composite number?
False
Suppose 0*v - 612 = 5*v + 3*r, -v + 5*r - 128 = 0. Let w = 295 + v. Is (1 - 0)/(4/w) composite?
False
Let t(w) = -46*w**3 - 2*w**2 - w. Let i be t(-2). Let r = 565 - i. Is r composite?
True
Suppose 1271 = 3*i - 1018. Is i a prime number?
False
Let l = -918 - -1315. Is l a prime number?
True
Let d = 152 - -155. Is d a prime number?
True
Let d(y) = 2*y**2 + 3*y + y**3 + 5*y - 3*y - 1 - 2*y**3. Let z be d(5). Let c = -30 - z. Is c a composite number?
True
Let s(t) be the first derivative of -t**3/3 + 3*t - 2. Is s(0) a composite number?
False
Let y be 0/((-4)/(8/6)). Suppose y = 2*w - 10, 4*i - 1950 = w + 557. Suppose 5*j = -3*q - 176 + i, -q = 1. Is j a prime number?
False
Let p be 2/(-10) + 21069/45. Suppose p = 3*i + 21. Is i composite?
False
Let u(o) = -195*o + 13. Is u(-4) prime?
False
Let j = 5 + -2. Let b be (-135)/(-5)*1/j. Suppose -236 = -3*k - 2*n + 259, 0 = -3*n + b. Is k a prime number?
True
Let w = -6 - -12. Is w + -6 - 85/(-1) composite?
True
Let t = -59 + 177. Is t a prime number?
False
Let c(d) = -3*d**2 + 6*d + 3. Let k be c(7). Suppose 0*f + 3*f = 879. Let j = f + k. Is j a composite number?
False
Let r(b) = b**3 + 6*b**2 + 6*b + 6. Let z be r(-5). Let k(y) = 96*y**2 - y + 1. Let l(f) = 289*f**2 - 4*f + 4. Let g(u) = 7*k(u) - 2*l(u). Is g(z) prime?
False
Let k = -1460 - -2179. Is k a composite number?
False
Let j = -40 - -90. Suppose -o + 3*o + j = 0. Let m = -3 - o. Is m a composite number?
True
Suppose -381 = 7*i - 8*i - 5*m, -i + 2*m = -367. Is i composite?
True
Let o(p) be the second derivative of -19*p**3/6 - 4*p**2 + 3*p. Is o(-9) a composite number?
False
Let u(i) = -10*i - 1. Let b be u(3). Let s(l) = 11*l - 14. Let x be s(6). Let j = b + x. Is j composite?
True
Is (4 + 219/(-2))*-2 prime?
True
Let a be ((12/1)/(-3))/(-2). Suppose -4*x = 5*s - 275, 5*s = 3*x - a*x + 250. Is s prime?
False
Let b(y) = -y**3 - 14*y**2 + 11*y - 18. Is b(-17) prime?
False
Let u(p) = p**2 + p. Let f be u(-3). Let h(x) = x**2 - 5*x - 3. Let k be h(f). Suppose 0 = -k*v + 7*v - 260. Is v composite?
True
Let l(g) = g**3 + 17*g**2 - 3*g + 9. Is l(-10) a prime number?
True
Suppose -2*t - 170 = -4*t + 4*a, -3*a + 291 = 3*t. Suppose 0*v = 3*v - t. Is v prime?
True
Is -1*(-4 - -4) - -1381 prime?
True
Suppose 0 = -2*h - 2*h + 68. Let l = h + 18. Is l prime?
False
Suppose 2*h + 4 = 0, 0 = -3*p - h - h + 116. Suppose 0 = -o - 3*o + p. Is o a composite number?
True
Is -1 - (-1 - (-21)/15)*-530 prime?
True
Suppose 0 = -3*n - 3*t + 11259, -2*t = -3*n - 0*t + 11269. Is n a prime number?
False
Let g(r) = 2*r**2 - 2*r - 5. Is g(-5) a composite number?
True
Suppose -262 = -c - 5*r, r = 3*c - 2*r - 876. Is c prime?
False
Let y(g) = 148*g**2 + 1. Is y(1) a prime number?
True
Let a = 315 + -165. Is (0 - 3) + 2 + a prime?
True
Suppose 0 = -3*n + 2*n + 105. Let j = 84 - 56. Let k = n - j. Is k prime?
False
Let d(f) = 235*f**3 + 2*f - 2. Is d(1) a prime number?
False
Let m(n) = -n**2 - 12*n - 22. Let b be m(-10). Is -2 + (2 - b) - -157 composite?
True
Let u = 147 + -52. Suppose -3*f - 2*g - u = -6*f, 0 = 5*f + 3*g - 152. Is f prime?
True
Is (-1 + 3)*(-2 + 7028/8) prime?
True
Suppose t = -n - 3*n + 661, 5*t - 2*n - 3371 = 0. Is t a composite number?
False
Let z = -26 + 36. Let u = 3 + z. Is u composite?
False
Suppose -3*f + 7 = -5. Suppose -u + p = -f*p - 251, 4*p = 0. Is u composite?
False
Let k(q) = q**2 - 8*q + 8. Let i be k(7). Let n(j) = 57*j**3 + 2*j**2 - 3*j + 2. Is n(i) composite?
True
Suppose -7 - 69 = -4*x. Is x prime?
True
Let h(a) = -a**2 + 2*a - 1. Let l be h(1). Let d(g) = -g + 19. Is d(l) prime?
True
Let h(o) = o**2 - o + 17. Is h(-16) a composite number?
True
Is (27748/70)/(4/10) a prime number?
True
Let r(a) be the second derivative of a**6/20 - a**5/40 - a**4/24 - a**3/3 + 3*a. Let z(b) be the second derivative of r(b). Is z(-2) composite?
True
Let w(i) = 7*i**2 - 5*i + 18*i**2 - 5 + 2. Is w(-5) prime?
True
Is (1/4)/((-8658)/(-4328) + -2) a prime number?
True
Let i = 82 + -45. Is i a composite number?
False
Let y(j) = j**3 - 5*j**2 + 4*j - 4. Let m be y(4). Let v(k) = -7*k**3 - 6*k**2 - k - 1. Is v(m) composite?
True
Let c be (1 + (-2 - -1))/1. Suppose -3*n + 180 = -c*n. Suppose -2*v + n - 22 = 0. Is v composite?
False
Let w = 4978 - 3323. Is w composite?
True
Is (-2 - -1) + (515 - 3) prime?
False
Suppose 5*z + 0*a = -3*a + 632, 0 = 3*z - 5*a - 386. Is z a prime number?
True
Let g(u) = 66*u**3 - 5*u**2 + 5*u - 4. Let n(i) = -66*i**3 + 4*i**2 - 4*i + 3. Let b(x) = 4*g(x) + 5*n(x). Is b(-1) composite?
True
Let a be (4/5)/((-3)/15). Let i(l) = -46*l + 7. Is i(a) composite?
False
Is (-2)/(-7 - -1)*(-79176)/(-8) composite?
False
Let c be 2/(-4) + 39/6. Suppose -c*m + 5*m + 149 = 0. Is m a composite number?
False
Let k = 89 + 122. Is k prime?
True
Let g(f) = -4*f**3 - f**2 - 5*f - 2. Let b(j) = -3*j**3 - 4*j - 1. Let z(s) = 5*b(s) - 4*g(s). Suppose r + 2*r = -12. Is z(r) a prime number?
True
Let l = -5 - -5. Suppose -116 = -2*g + 2*a, -g + l*a = 3*a - 46. Is g prime?
False
Suppose a - 2 = 3*a. Let o = a + 5. Suppose 0 = -s - o*s + 105. Is s composite?
True
Suppose 0 = g + 3*d + 27, -5*g + 3*d - 125 - 82 = 0. Let f = -38 + 18. Let v = f - g. Is v composite?
False
Suppose -6*o = -4*o + 4*s - 510, 1008 = 4*o + 2*s. Is o a prime number?
True
Is 10280/16 + (-3)/2 prime?
True
Let n be (12/(-21))/(4/(-14)). Suppose 2*a + 0*x + 5*x = 290, -2*a = n*x - 290. Is a composite?
True
Let r = -13 + 31. Suppose 6 = 3*c + 15. Is r/(-8)*(c + -1) a prime number?
False
Suppose -2*v = -0*k + 3*k, -v = k - 2. Suppose -4 + 14 = -5*a, 4*m - a = 10. Is 476/6 - m/v a composite number?
False
Let r = 36 + 208. Let g = r - 153. Is g prime?
False
Let r(q) = 10*q. Let l be r(1). Let o = -46 + 48. Suppose o*s = -l, -2*s = -2*u - 7*s + 41. Is u prime?
False
Let g = 2124 - 1205. Is g prime?
True
Let k be (-2)/5 - 126/10. Suppose 3*l - 84 = -0*l - 3*a, -l + a = -36. Let u = k + l. Is u a composite number?
False
Let v be (-5572)/20 - (-2)/(-5). Let o = 410 + v. Is o prime?
True
Let c(t) = 426*t**3 - t. Let a be c(1). Suppose -5*p + 5*w = -a, -2*p + 8*w - 5*w = -170. Is p prime?
False
Let f = -8 - -7. Let k be -1 + -3*(f + -80). Suppose z = -z + k. Is z prime?
False
Suppose 5*t = -3*j + 25, -20 = j - t - 3*t. Supp